2*d = -20, 3*x + 8 = -2*d + 4*d. Let h be y(x). Let v be 9 + -8 + (16 - h). What is the greatest common factor of v and 90?
18
Let l = 97 - 20. Suppose 72 = -8*v, 69*c + v = 66*c + 1608. Calculate the greatest common divisor of c and l.
77
Let p = 352 + -388. Let q be (3/6)/((-2)/p). Calculate the greatest common divisor of q and 27.
9
Let d(u) = 744*u**2 + 58*u + 284. Let m be d(-5). Calculate the greatest common factor of m and 6.
6
Let o(y) = 168*y**2 - 5*y - 4. Let g be o(-1). Suppose -2*n + 77 = 3*n + 4*x, -11 = -2*n + 5*x. What is the greatest common divisor of n and g?
13
Let k be (4/(-1))/(-4)*156. Let a be 26 + 27 + 4 + 3. What is the greatest common factor of a and k?
12
Suppose 3*b + b - 144 = 0. Suppose 0 = s - 2, -6*l + 7*l - 62 = -4*s. What is the highest common factor of l and b?
18
Let c(i) = -2*i**3 - 4*i**2 + 13*i + 4. Let a be c(-5). Let t = a - 41. Calculate the highest common divisor of t and 3.
3
Suppose -21*h - 11 = -25*h - 3*y, 0 = -3*h - 2*y + 9. Suppose -3*s = -8*a + h*a + 66, 2*s - 16 = -a. What is the greatest common factor of a and 55?
5
Let r(i) = 47*i + 1761. Let z be r(-33). Calculate the greatest common divisor of 154 and z.
14
Suppose -3*s = 12*i - 11*i - 62, 0 = 13*s + 2*i - 243. Let x = -62 - -130. Calculate the greatest common factor of s and x.
17
Let a(r) = 20*r - 239. Let s be a(18). Let x be (528/30)/(3/30*4). Calculate the greatest common factor of s and x.
11
Let t = -4761 + 4946. Calculate the highest common factor of t and 135.
5
Suppose 4*v - 654 = -150. Let x be 1*(v - -3) - -1. Let q = x - -25. What is the greatest common factor of 62 and q?
31
Suppose -38 = -2*c + 2*r, -4*r + 2*r = 4*c - 88. Let o = -19 + c. Suppose -5*l = -15, -p + 219 = o*p + l. What is the greatest common factor of p and 18?
18
Let l(j) = -j**3 + 72*j**2 - 64*j + 70. Let b be l(71). What is the greatest common divisor of 28 and b?
7
Let y be 1819/51*(76 + 14). Calculate the greatest common divisor of y and 1712.
214
Suppose 0 = -7*x + 6023 + 14886. Calculate the highest common divisor of 412 and x.
103
Let t(i) = 2*i**2 + 5*i - 6. Let q be t(2). Let z(l) = -l**3 + 12*l**2 - 2*l + 1. Let k be z(q). Let n = 28 + k. What is the highest common factor of 5 and n?
5
Let u = -642 - -733. Calculate the highest common factor of 13 and u.
13
Suppose -1212 - 7608 = -7*i. Suppose 4*u - i = -1020. Calculate the highest common divisor of u and 160.
20
Let a(i) be the first derivative of i**2/2 + 55*i - 14. Let d be a(-13). What is the greatest common divisor of d and 70?
14
Let m = -8309 + 9379. What is the greatest common divisor of 30 and m?
10
Let i be 2 + (-5)/((-5)/(-43)). Let n = -16 - i. Let a = 683 + -583. Calculate the highest common divisor of a and n.
25
Suppose 0 = 33*g - 14*g - 4104. Let v = 242 - g. Calculate the greatest common factor of v and 52.
26
Suppose 2*u = -5*f + 5252, -101*f + 5247 = -96*f - 3*u. Calculate the highest common divisor of 546 and f.
42
Let y(a) = -8*a + 58. Let m be y(5). Suppose 0*f - f = -34. Let k = f - m. What is the greatest common factor of 48 and k?
16
Let l(s) = -2*s**2 - 43*s - 5. Let r be l(-21). Let g = 102 - 86. What is the highest common factor of g and r?
16
Suppose 18*a - 50 = 13*a. Suppose -5*n = -a*n + 10. Suppose 2*y = l - 11, 29 = 4*l + y - 6*y. Calculate the highest common divisor of n and l.
1
Let k(g) = 2*g**3 - 3*g - 7. Let u be k(4). Let d = u + -25. Suppose -d = -5*i + 86. What is the highest common factor of i and 102?
34
Suppose -2*f = -18*f + 672. Let l be 43/5 - f/(-105). Calculate the greatest common factor of 90 and l.
9
Let r(g) = -4*g**3 + 26*g**2 - 12*g + 8. Let z be (-1 - (0 + -13))*(-1)/(-2). Let h be r(z). What is the greatest common divisor of h and 72?
8
Let c = -234 + 620. Suppose -376*n + c*n = 170. Calculate the highest common factor of 391 and n.
17
Let i be -11 - (-2 + 6 - 0). Let q be 3*((-70)/i)/7. Suppose -30 = 3*w - 39. Calculate the highest common divisor of q and w.
1
Let f(v) = 5*v - 9. Let l be f(6). Suppose 4*c - 899 = 845. Suppose 1507 = 17*d + c. Calculate the greatest common divisor of l and d.
21
Let s be -18 - -17 - (128968/(-12) - 18/27). What is the greatest common divisor of s and 44?
11
Let k = -4480 - -4965. What is the greatest common divisor of k and 15?
5
Let q be (2975/(-300) - -10)*12. Calculate the highest common factor of 1126 and q.
1
Let b(a) = -18*a**2 - 6*a - 12. Let d(q) = 18*q**2 + 5*q + 11. Let t(o) = 2*b(o) + 3*d(o). Let p be t(3). Calculate the highest common factor of 9 and p.
9
Suppose 4*w - 10*y + 5*y + 90 = 0, -w = 4*y + 33. Let a be 5 - 5/(w/20). Calculate the highest common factor of 3 and a.
3
Suppose -19*c + 4807 = -19741. What is the greatest common factor of c and 57?
19
Let x = -3 + -100. Let l = -124 - x. Let p be ((-1434)/(-14) - -1) + (-12)/l. Calculate the highest common divisor of 26 and p.
26
Suppose 3*g + 81 - 90 = 0. Suppose g*r - 1112 = 2*p, 2*r - 733 = -p + 4*p. What is the highest common factor of r and 22?
22
Let o be 678/9 + 4/6. Suppose 0 = 2*z + 3*b - 11, 14*z - 13*z - 1 = 3*b. Calculate the greatest common factor of o and z.
4
Let i(b) = 2*b**3 + 16*b**2 + 52*b + 15. Let n be i(11). Calculate the highest common divisor of 51 and n.
17
Let l(s) = 41*s**2 + 2*s. Let y be 30/75*10/2. Let k be l(y). Calculate the highest common divisor of 21 and k.
21
Suppose -4*b + 452 - 148 = 0. Suppose 8 = 3*x - x. Let w(m) = m**3 + 5*m**2 - 12*m + 18. Let j be w(x). Calculate the highest common factor of j and b.
38
Let b(w) = -7 - 8*w**3 - 10*w - 13 + 25 - 3*w**2 - 19. Let y be b(-3). Calculate the highest common factor of 123 and y.
41
Let x(n) = -3*n + 29. Let k be x(10). Let l be 0 - (-4 - 2/k)*2. Calculate the greatest common factor of 32 and l.
4
Let j be 7*(82 - -2*(8 + -4)). Calculate the greatest common factor of 336 and j.
42
Let s be (-12 - -289) + -9 + 8. Calculate the greatest common divisor of s and 84.
12
Let u(m) = 10 + 18*m**2 - 6*m + 4*m - 15*m**2. Let s be u(7). What is the highest common divisor of s and 26?
13
Suppose -4*o + 99 = 83. Suppose 4*n = 4*y + 24, -4*n + 18 = -2*n + 4*y. Suppose n*f - 136 = 144. What is the highest common factor of o and f?
4
Suppose 47*t - 5485 + 1913 = 0. Let l(a) = -3*a - 10. Let s be l(-6). Calculate the highest common divisor of t and s.
4
Suppose -5*a + 117 = -2*a. Let c(p) = 236*p**2 - 269*p + 267. Let i be c(1). What is the greatest common factor of a and i?
39
Suppose 5*g = -5*g. Suppose 4*c - f = 4, g = -2*c - 3*f + 18 - 2. Suppose 11*m = c*m + 36. Calculate the highest common divisor of 36 and m.
4
Let t(s) = -s**3 + 4*s**2 - 4*s + 6. Let c be t(3). Let n be (-2880)/42 - c/7. Let x = -62 - n. What is the highest common factor of x and 28?
7
Let k be (2 - (8 - 3)) + 32*(-8)/(-32). What is the highest common factor of 27 and k?
1
Let h = 3457 - 3423. What is the greatest common factor of h and 1819?
17
Let i(y) = -y**2 - 14*y - 4. Let n = -14 + 1. Let q be i(n). Suppose v = -r + 47, -5*v = -r - 0*r + 35. What is the greatest common factor of q and r?
9
Let o = 15313 - 14893. Calculate the greatest common divisor of o and 175.
35
Let b = 4050 + -3204. Calculate the highest common divisor of 18 and b.
18
Let n(j) = 3*j**3 - j**2 + j - 5. Let v be n(2). Suppose 1556 - 6639 = -13*r. Calculate the highest common divisor of r and v.
17
Suppose 5*c + v - 3722 = 0, -1478 = 200*c - 202*c + 5*v. What is the highest common factor of c and 384?
24
Let c(h) be the first derivative of 13*h**3/3 + 3*h**2/2 - h - 1. Let y be c(-2). What is the greatest common factor of y and 3?
3
Let u(l) = -7*l - 70. Let d be u(-8). Let a(g) = -2*g**2 - 31*g + 21. Let x be a(d). Calculate the highest common factor of x and 147.
21
Let w(o) be the second derivative of -o**5/20 + 11*o**4/12 + o**3/3 - 11*o**2/2 + 5*o - 2. Let g be w(11). What is the greatest common factor of g and 275?
11
Suppose 0*i - 3*i = -294. Let g = -90956 - -91026. Calculate the greatest common factor of g and i.
14
Let g be ((-660)/(-75) - 1) + 4/(-5). Calculate the greatest common divisor of 812 and g.
7
Suppose v + 5*i - 7 = -4, -5*v + 15 = 4*i. Suppose -4*r + 4*t + 13 + v = 0, 2 = 2*r - 4*t. What is the highest common factor of 2 and r?
1
Let f = -21 - -24. Let u(y) = 8 + 0*y + 3*y - 5*y + f*y. Let w be u(4). 